[INFO] fetching crate tokio-blocking 0.1.1...
[INFO] checking tokio-blocking-0.1.1 against master#af3c6e733a40e671550e0f0f5aeecaa13772ba56 for pr-74989
[INFO] extracting crate tokio-blocking 0.1.1 into /workspace/builds/worker-2/source
[INFO] validating manifest of crates.io crate tokio-blocking 0.1.1 on toolchain af3c6e733a40e671550e0f0f5aeecaa13772ba56
[INFO] running `Command { std: "/workspace/cargo-home/bin/cargo" "+af3c6e733a40e671550e0f0f5aeecaa13772ba56" "read-manifest" "--manifest-path" "Cargo.toml", kill_on_drop: false }`
[INFO] started tweaking crates.io crate tokio-blocking 0.1.1
[INFO] finished tweaking crates.io crate tokio-blocking 0.1.1
[INFO] tweaked toml for crates.io crate tokio-blocking 0.1.1 written to /workspace/builds/worker-2/source/Cargo.toml
[INFO] running `Command { std: "/workspace/cargo-home/bin/cargo" "+af3c6e733a40e671550e0f0f5aeecaa13772ba56" "generate-lockfile" "--manifest-path" "Cargo.toml" "-Zno-index-update", kill_on_drop: false }`
[INFO] running `Command { std: "/workspace/cargo-home/bin/cargo" "+af3c6e733a40e671550e0f0f5aeecaa13772ba56" "fetch" "--locked" "--manifest-path" "Cargo.toml", kill_on_drop: false }`
[INFO] running `Command { std: "docker" "create" "-v" "/var/lib/crater-agent-workspace/builds/worker-2/target:/opt/rustwide/target:rw,Z" "-v" "/var/lib/crater-agent-workspace/builds/worker-2/source:/opt/rustwide/workdir:ro,Z" "-v" "/var/lib/crater-agent-workspace/cargo-home:/opt/rustwide/cargo-home:ro,Z" "-v" "/var/lib/crater-agent-workspace/rustup-home:/opt/rustwide/rustup-home:ro,Z" "-e" "SOURCE_DIR=/opt/rustwide/workdir" "-e" "CARGO_TARGET_DIR=/opt/rustwide/target" "-e" "CARGO_HOME=/opt/rustwide/cargo-home" "-e" "RUSTUP_HOME=/opt/rustwide/rustup-home" "-w" "/opt/rustwide/workdir" "-m" "1610612736" "--user" "0:0" "--network" "none" "rustops/crates-build-env@sha256:d92eaeed33fa75130ca1ee6c8a01d1ffb62bac859dfdfb3450e3e5d1c0146529" "/opt/rustwide/cargo-home/bin/cargo" "+af3c6e733a40e671550e0f0f5aeecaa13772ba56" "metadata" "--no-deps" "--format-version=1", kill_on_drop: false }`
[INFO] [stdout] 93a6c11cf2f7166dcb21d7a2d05f2faa8b80c463788a0fe43db5c26eafe6fd83
[INFO] [stderr] WARNING: Your kernel does not support swap limit capabilities or the cgroup is not mounted. Memory limited without swap.
[INFO] running `Command { std: "docker" "start" "-a" "93a6c11cf2f7166dcb21d7a2d05f2faa8b80c463788a0fe43db5c26eafe6fd83", kill_on_drop: false }`
[INFO] running `Command { std: "docker" "inspect" "93a6c11cf2f7166dcb21d7a2d05f2faa8b80c463788a0fe43db5c26eafe6fd83", kill_on_drop: false }`
[INFO] running `Command { std: "docker" "rm" "-f" "93a6c11cf2f7166dcb21d7a2d05f2faa8b80c463788a0fe43db5c26eafe6fd83", kill_on_drop: false }`
[INFO] [stdout] 93a6c11cf2f7166dcb21d7a2d05f2faa8b80c463788a0fe43db5c26eafe6fd83
[INFO] running `Command { std: "docker" "create" "-v" "/var/lib/crater-agent-workspace/builds/worker-2/target:/opt/rustwide/target:rw,Z" "-v" "/var/lib/crater-agent-workspace/builds/worker-2/source:/opt/rustwide/workdir:ro,Z" "-v" "/var/lib/crater-agent-workspace/cargo-home:/opt/rustwide/cargo-home:ro,Z" "-v" "/var/lib/crater-agent-workspace/rustup-home:/opt/rustwide/rustup-home:ro,Z" "-e" "SOURCE_DIR=/opt/rustwide/workdir" "-e" "CARGO_TARGET_DIR=/opt/rustwide/target" "-e" "CARGO_INCREMENTAL=0" "-e" "RUST_BACKTRACE=full" "-e" "RUSTFLAGS=--cap-lints=forbid" "-e" "CARGO_HOME=/opt/rustwide/cargo-home" "-e" "RUSTUP_HOME=/opt/rustwide/rustup-home" "-w" "/opt/rustwide/workdir" "-m" "1610612736" "--user" "0:0" "--network" "none" "rustops/crates-build-env@sha256:d92eaeed33fa75130ca1ee6c8a01d1ffb62bac859dfdfb3450e3e5d1c0146529" "/opt/rustwide/cargo-home/bin/cargo" "+af3c6e733a40e671550e0f0f5aeecaa13772ba56" "check" "--frozen" "--all" "--all-targets" "--message-format=json", kill_on_drop: false }`
[INFO] [stderr] WARNING: Your kernel does not support swap limit capabilities or the cgroup is not mounted. Memory limited without swap.
[INFO] [stdout] 7657fa188a1cc3baa16cc02a1ee6de6f3a9ce679cbbb39315ad31c502158dede
[INFO] running `Command { std: "docker" "start" "-a" "7657fa188a1cc3baa16cc02a1ee6de6f3a9ce679cbbb39315ad31c502158dede", kill_on_drop: false }`
[INFO] [stderr]     Checking rand_core v0.4.2
[INFO] [stderr]    Compiling autocfg v0.1.7
[INFO] [stderr]    Compiling libc v0.2.77
[INFO] [stderr]    Compiling semver-parser v0.7.0
[INFO] [stderr]     Checking cfg-if v0.1.10
[INFO] [stderr]     Checking encoding_index_tests v0.1.4
[INFO] [stderr]    Compiling maybe-uninit v2.0.0
[INFO] [stderr]    Compiling autocfg v1.0.1
[INFO] [stderr]    Compiling arrayvec v0.4.12
[INFO] [stderr]     Checking lazy_static v1.4.0
[INFO] [stderr]     Checking nodrop v0.1.14
[INFO] [stderr]     Checking scopeguard v0.3.3
[INFO] [stderr]     Checking scopeguard v1.1.0
[INFO] [stderr]    Compiling log v0.4.11
[INFO] [stderr]     Checking futures v0.1.29
[INFO] [stderr]     Checking encoding-index-simpchinese v1.20141219.5
[INFO] [stderr]     Checking encoding-index-japanese v1.20141219.5
[INFO] [stderr]     Checking encoding-index-singlebyte v1.20141219.5
[INFO] [stderr]     Checking encoding-index-korean v1.20141219.5
[INFO] [stderr]     Checking encoding-index-tradchinese v1.20141219.5
[INFO] [stderr]     Checking lock_api v0.1.5
[INFO] [stderr]     Checking crossbeam-utils v0.6.6
[INFO] [stderr]    Compiling semver v0.9.0
[INFO] [stderr]     Checking rand_core v0.3.1
[INFO] [stderr]     Checking rand_jitter v0.1.4
[INFO] [stderr]     Checking rand_hc v0.1.0
[INFO] [stderr]     Checking rand_xorshift v0.1.1
[INFO] [stderr]     Checking rand_isaac v0.1.1
[INFO] [stderr]     Checking encoding v0.2.33
[INFO] [stderr]     Checking smallvec v0.6.13
[INFO] [stderr]     Checking crossbeam-channel v0.3.9
[INFO] [stderr]    Compiling rustc_version v0.2.3
[INFO] [stderr]    Compiling memoffset v0.5.5
[INFO] [stderr]    Compiling rand_chacha v0.1.1
[INFO] [stderr]    Compiling rand_pcg v0.1.2
[INFO] [stderr]    Compiling rand v0.6.5
[INFO] [stderr]    Compiling parking_lot_core v0.4.0
[INFO] [stderr]     Checking crossbeam-epoch v0.7.2
[INFO] [stderr]     Checking rand_os v0.1.3
[INFO] [stderr]     Checking num_cpus v1.13.0
[INFO] [stderr]     Checking crossbeam-deque v0.6.3
[INFO] [stderr]     Checking parking_lot v0.7.1
[INFO] [stderr]     Checking crossbeam v0.6.0
[INFO] [stderr]     Checking tokio-blocking v0.1.1 (/opt/rustwide/workdir)
[INFO] [stdout] error[E0433]: failed to resolve: use of undeclared type or module `tokio`
[INFO] [stdout]  --> tests/combinators.rs:3:5
[INFO] [stdout]   |
[INFO] [stdout] 3 | use tokio::runtime::Runtime;
[INFO] [stdout]   |     ^^^^^ use of undeclared type or module `tokio`
[INFO] [stdout] 
[INFO] [stdout] 
[INFO] [stdout] error[E0433]: failed to resolve: use of undeclared type or module `tokio`
[INFO] [stdout]  --> tests/combinators.rs:4:5
[INFO] [stdout]   |
[INFO] [stdout] 4 | use tokio::timer::Interval;
[INFO] [stdout]   |     ^^^^^ use of undeclared type or module `tokio`
[INFO] [stdout] 
[INFO] [stdout] 
[INFO] [stdout] error[E0433]: failed to resolve: use of undeclared type or module `Interval`
[INFO] [stdout]  --> tests/combinators.rs:9:5
[INFO] [stdout]   |
[INFO] [stdout] 9 |     Interval::new(std::time::Instant::now(), std::time::Duration::from_secs(1))
[INFO] [stdout]   |     ^^^^^^^^ use of undeclared type or module `Interval`
[INFO] [stdout] 
[INFO] [stdout] 
[INFO] [stdout] error[E0433]: failed to resolve: use of undeclared type or module `Runtime`
[INFO] [stdout]   --> tests/combinators.rs:17:23
[INFO] [stdout]    |
[INFO] [stdout] 17 |     let mut runtime = Runtime::new().unwrap();
[INFO] [stdout]    |                       ^^^^^^^ use of undeclared type or module `Runtime`
[INFO] [stdout] 
[INFO] [stdout] 
[INFO] [stdout] error[E0433]: failed to resolve: use of undeclared type or module `Runtime`
[INFO] [stdout]   --> tests/combinators.rs:43:23
[INFO] [stdout]    |
[INFO] [stdout] 43 |     let mut runtime = Runtime::new().unwrap();
[INFO] [stdout]    |                       ^^^^^^^ use of undeclared type or module `Runtime`
[INFO] [stdout] 
[INFO] [stdout] 
[INFO] [stdout] error[E0433]: failed to resolve: use of undeclared type or module `Runtime`
[INFO] [stdout]   --> tests/combinators.rs:79:23
[INFO] [stdout]    |
[INFO] [stdout] 79 |     let mut runtime = Runtime::new().unwrap();
[INFO] [stdout]    |                       ^^^^^^^ use of undeclared type or module `Runtime`
[INFO] [stdout] 
[INFO] [stdout] 
[INFO] [stdout] error[E0433]: failed to resolve: use of undeclared type or module `Runtime`
[INFO] [stdout]    --> tests/combinators.rs:116:23
[INFO] [stdout]     |
[INFO] [stdout] 116 |     let mut runtime = Runtime::new().unwrap();
[INFO] [stdout]     |                       ^^^^^^^ use of undeclared type or module `Runtime`
[INFO] [stdout] 
[INFO] [stdout] 
[INFO] [stdout] error: aborting due to 7 previous errors
[INFO] [stdout] 
[INFO] [stdout] 
[INFO] [stdout] For more information about this error, try `rustc --explain E0433`.
[INFO] [stdout] 
[INFO] [stderr] error: could not compile `tokio-blocking`.
[INFO] [stderr] 
[INFO] [stderr] To learn more, run the command again with --verbose.
[INFO] running `Command { std: "docker" "inspect" "7657fa188a1cc3baa16cc02a1ee6de6f3a9ce679cbbb39315ad31c502158dede", kill_on_drop: false }`
[INFO] running `Command { std: "docker" "rm" "-f" "7657fa188a1cc3baa16cc02a1ee6de6f3a9ce679cbbb39315ad31c502158dede", kill_on_drop: false }`
[INFO] [stdout] 7657fa188a1cc3baa16cc02a1ee6de6f3a9ce679cbbb39315ad31c502158dede
